f 280 and v?
35
Suppose 720 = 5*j - 2*w, 3*j - 144 = 2*j - 2*w. Let o = j + -124. Calculate the greatest common divisor of 8 and o.
4
Let n(z) be the first derivative of z**4/2 - 3*z**3 - z**2 - 5*z - 117. Let f be n(5). What is the greatest common factor of 5 and f?
5
Let l(v) = 17*v - 1595. Let s be l(102). Calculate the greatest common factor of 33221 and s.
139
Suppose -k + 733 = -3*g - 150, 3*g = -4*k + 3562. Let r = k - 785. Calculate the greatest common divisor of 24 and r.
8
Suppose 20*g - 817 + 3297 = 0. Let u = 144 + g. Calculate the greatest common factor of 20 and u.
20
Let r = 30 + 46. Let d = -72 + r. Suppose -d = 2*o - 4*o. Calculate the highest common factor of o and 2.
2
Suppose 0 = 2*c + 2*s - 882, 3*s = -19*c + 17*c + 883. Calculate the greatest common factor of 22660 and c.
220
Let k(h) = 8*h - 10. Let x be k(3). Let i be 817/7 + x/49. Calculate the greatest common divisor of 26 and i.
13
Suppose 96 = 2*d - 3*n + n, -3*d = -4*n - 143. Let q = d - 48. Let g be q*-2*(-1)/((-2)/(-5)). Calculate the highest common divisor of 55 and g.
5
Suppose 0 = 612*m - 557*m - 10945. Calculate the highest common divisor of m and 21492.
199
Let s(q) = -16*q - 4. Let n be s(-3). Suppose -3*z + n = 2. Calculate the greatest common divisor of 49 and z.
7
Let j = 334 - -160. Suppose -182 = j*y - 496*y. Let a = 4 - -9. Calculate the greatest common divisor of y and a.
13
Let d be (4/(-10))/(-9 + 1232266/136920). What is the greatest common divisor of 24 and d?
24
Suppose -7*v = -3*v - 1984. Let p(l) = 16*l**3 + 6*l**2 - 8*l + 2. Let u be p(1). Calculate the greatest common factor of u and v.
16
Let a(s) = -s - 3. Let z be a(1). Let o be 72/(-15)*(-125)/(-10). Let y be z - -2 - o/3. Calculate the highest common divisor of y and 6.
6
Let v = 119615 + -119564. Let x be -4 + 2 + 4*2. What is the highest common divisor of v and x?
3
Suppose 92 - 536 = -148*o. What is the highest common factor of o and 8883?
3
Suppose 63*k - 1400 = 53*k. Let u be 0 - (-64 - 16/(-4)). What is the highest common factor of k and u?
20
Let i be ((-72)/(-6 - -12))/(2 + -5). Calculate the highest common divisor of i and 760.
4
Suppose 8*l - 37 = 2171. Let j be (4/((-8)/(-34)) - 4) + -1. Calculate the greatest common divisor of j and l.
12
Suppose 4*s - 452 = 428. Let q(a) = -190*a - 4160. Let j be q(-22). Calculate the highest common factor of s and j.
20
Let i be (2/(-4))/(8/16). Let f be i*(3 - 5) + 97. Let d be (18/4)/(((-184)/16)/(-23)). What is the greatest common factor of f and d?
9
Suppose 0 = 610*d - 618*d + 648. Let w = 23 + 4. What is the greatest common factor of d and w?
27
Suppose 3*r = h - 172, -h + 29 = 4*r - 108. Let q be 10 - 4 - (-2 - h). Let b be 392/6 + 8/12. What is the highest common factor of b and q?
33
Let t = 5879 - 4394. What is the highest common divisor of 270 and t?
135
Suppose 110*d - 217*d + 117*d - 550 = 0. What is the highest common factor of d and 3520?
55
Suppose 124*c = -95 + 3071. Calculate the greatest common divisor of 424 and c.
8
Let o be -2*(6 + -3)*26/6. Let m = o - -29. Let l be 10/2*(m + (-1 - 1)). Calculate the greatest common factor of l and 5.
5
Suppose 0 = 2*j + 5*r - 1595, -2*j + 3*r + 737 = -866. Calculate the greatest common factor of j and 320.
160
Suppose 4*c = -c + 100. Let t(w) = w**3 + 64*w**2 - 106*w - 6734. Let h be t(-64). What is the greatest common divisor of c and h?
10
Let l be 4 - ((-4 - -9) + -7). Suppose -202 = -l*s + 14. What is the highest common divisor of s and 4?
4
Suppose 28*a = 66 + 186. Let j(v) = 44*v**2 + 4*v + 3. Let i be j(-2). What is the greatest common divisor of i and a?
9
Suppose 4*k - 2*s + 1 = -5, 4*s - 12 = 3*k. Suppose 11*a + k*a - 979 = 0. Let n = a + -82. Calculate the greatest common divisor of n and 63.
7
Suppose 7*j = -3*j + 40. Suppose -3*b + 0 = d - 9, 2*b = -j*d + 16. Calculate the highest common divisor of b and 26.
2
Let i = 8787 + -8719. Calculate the highest common factor of 2754 and i.
34
Let a be (-1 + 0 + 2)/((-57)/(-285)). Let g be 14 - a - (-6 + 1). Suppose 100 = 4*d - 404. What is the greatest common factor of d and g?
14
Let o be (-564)/(-6 - 16 - -17 - (-7)/2). Calculate the highest common divisor of 470 and o.
94
Let z(x) = -x**3 - 6*x**2 + 83*x + 513. Let p be z(-6). What is the greatest common divisor of 3405 and p?
15
Let r be (45 - 31)*(-1 + 2). Let t be 4/r + (-61)/(-7). Calculate the highest common divisor of t and 288.
9
Suppose 25 = -39*b + 922. Suppose l + 25*r - b*r = 86, 66 = l - 2*r. Calculate the greatest common divisor of 8 and l.
4
Let h = -845 - -856. Let d(c) = -31*c - 3. Suppose 3*f = -3*m - 21, 3*m = -4*f - 13 - 12. Let l be d(f). What is the highest common factor of h and l?
11
Suppose r - 41 = -3. Let k = r - 62. Let u be (-17 - k)*198/7. Calculate the highest common divisor of 22 and u.
22
Let y be 23526/(-16) - (-57)/152. Let p be y/(-35) - (0 - 2). What is the greatest common divisor of 4 and p?
4
Let i = -9 + 25. Let y(a) = -2*a**2 + 15*a - 5. Let j be y(6). Suppose 8*l = j*l + 4*d - 732, -5*d = 3*l - 447. Calculate the highest common divisor of i and l.
16
Let j be (3 + -2)/(-2)*-749 + 134/268. Calculate the highest common divisor of j and 2175.
75
Let q(y) = 34*y - 161. Let t be q(21). Suppose -m + t = 542. What is the greatest common divisor of m and 209?
11
Let t(m) = 6*m**3 - 4*m**2 - 5*m - 3. Let f be t(-2). Let a be f/(-38)*((-132)/(-9))/2. Calculate the greatest common factor of a and 209.
11
Let b = 49481 + -28337. Calculate the greatest common divisor of 24 and b.
24
Let q be 0 + 2 + 2 + (-4 - -4). Let d be 34/(-3)*(-6)/q. What is the highest common factor of 187 and d?
17
Let c be 19 - ((553/8295)/((-2)/24) + (-24)/(-5)). Let q = 189 - -66. Calculate the highest common divisor of c and q.
15
Let d(b) = b**3 - 17*b**2 + 32*b - 1. Let a = 23 + -8. Let s be d(a). Calculate the highest common divisor of s and 29.
29
Let p be 70/15 - 2/3. Suppose -5*y + 107 = 3*h, -p*h - 9 = 2*y - 49. Calculate the highest common factor of 11 and y.
11
Suppose 4*t - 3*q = 37, t = -2*q + q + 11. Let s be t - (-3 + 1 - -3). Let b be (8 - 4)*1*(-225)/(-20). What is the highest common divisor of b and s?
9
Suppose 78 = -4156*g + 4169*g. What is the greatest common divisor of 447 and g?
3
Let h = 43 - 16. Let u = h - 23. Let w be (2 - 0)*5*u. What is the greatest common factor of 80 and w?
40
Let a = -400 + 784. Let p = a + -373. What is the highest common divisor of 638 and p?
11
Let n = -933 + 1448. Calculate the greatest common factor of 206 and n.
103
Suppose 0 = -186*t - 175361 + 2088929. What is the highest common divisor of 16 and t?
16
Suppose 0 = -3*f - l + 57, -21 = -3*f - 4*l + 45. Suppose 4*c - f - 70 = 0. Let r = c - -6. Calculate the greatest common factor of r and 7.
7
Let z be ((-704)/(-80) - 8)/(1/(115*8)). What is the greatest common divisor of z and 8?
8
Suppose -h - 61 = -277. Calculate the highest common divisor of 333 and h.
9
Let m be (2 + 514/(-8))*(-42224)/2436. What is the highest common factor of m and 913?
83
Let p be 4*(2 + -2 - -4). Suppose -110*o - 50 = -112*o. Let q be 2/12 + o/(-150) - -40. What is the greatest common factor of q and p?
8
Let w = -119 + 259. Let u = w - 137. What is the highest common factor of u and 4?
1
Suppose -232 = -8*l - 80. Let v be (-4450)/(-26) - (-6)/(-39). What is the greatest common factor of l and v?
19
Let w be 15 + 8 + 700 - -12. Calculate the highest common factor of 4095 and w.
105
Suppose -6*v - 10455 = -5*g - 8*v, -3*g = 5*v - 6254. What is the greatest common divisor of 46 and g?
23
Suppose -p + 279 = 139. Suppose -4*s + 40 = 5*x - 115, 0 = -4*s - 2*x + 158. What is the highest common factor of s and p?
20
Suppose 9*q + 2464 = -5*q. Let c = 234 + q. What is the greatest common divisor of 464 and c?
58
Let j = 14 - -52. Suppose 0 = 22*t - 109*t + 261. What is the greatest common factor of j and t?
3
Let p(l) = l + 2. Let h be p(6). Suppose -4*w + 12 = -4*b, 0 = -w - 0*w - 4*b + h. Let n = -13 + 14. Calculate the highest common divisor of w and n.
1
Let j be -10 - ((-4)/6 - 781048/408). Calculate the greatest common factor of 15 and j.
15
Suppose 0*h = -5*h + 275. Let w(n) = -n**3 + 2*n**2 + 26*n - 5. Let y be w(6). Suppose y*m - 1 = 34. What is the highest common divisor of m and h?
5